{"id":33,"date":"2024-09-17T21:55:42","date_gmt":"2024-09-17T21:55:42","guid":{"rendered":"https:\/\/lasmercedes.org\/offerings\/"},"modified":"2025-03-03T01:07:49","modified_gmt":"2025-03-03T01:07:49","slug":"science","status":"publish","type":"page","link":"https:\/\/lasmercedes.org\/es\/science\/","title":{"rendered":"Ciencia"},"content":{"rendered":"<div class=\"wp-block-uagb-container uagb-block-fa2f1646 alignfull uagb-is-root-container\"><div class=\"uagb-container-inner-blocks-wrap\">\n<div class=\"wp-block-uagb-advanced-heading uagb-block-d7c7726a\"><h1 class=\"uagb-heading-text\">Actividades cient\u00edficas<\/h1><\/div>\n<\/div><\/div>\n\n\n\n<div class=\"wp-block-uagb-container uagb-block-b1ab63d3 alignfull uagb-is-root-container\"><div class=\"uagb-container-inner-blocks-wrap\">\n<div class=\"wp-block-uagb-container uagb-block-9b0f06f9\">\n<div class=\"wp-block-uagb-advanced-heading uagb-block-2ee8edb5\"><h2 class=\"uagb-heading-text\">Proyecto Las Mercedes<\/h2><\/div>\n\n\n\n<p>Para contribuir a la mitigaci\u00f3n y adaptaci\u00f3n al cambio clim\u00e1tico <strong>la Reserva Las Mercedes<\/strong>, en colaboraci\u00f3n con&nbsp;<strong>Universidad Javeriana<\/strong>&nbsp;en Bogot\u00e1 y&nbsp;<strong>la Universidad BOKU<\/strong>&nbsp;de Viena, desarrolla un proyecto para crear un modelo productivo que promueva el desarrollo econ\u00f3mico conservando la biodiversidad. Este modelo incluye ganader\u00eda regenerativa, sistemas agroforestales-pastoriles y restauraci\u00f3n ecol\u00f3gica de \u00e1reas degradadas con especies nativas, proporcionando diversos servicios ecosist\u00e9micos. La implementaci\u00f3n del modelo reducir\u00e1 las&nbsp;<strong>emisiones de gases de efecto invernadero (GEI)<\/strong>&nbsp;de los sistemas de producci\u00f3n convencionales, aumentar\u00e1 las reservas de carbono y crear\u00e1 oportunidades en mercados de carbono como el de&nbsp;<strong>Agricultura, Silvicultura y Otros Usos de la Tierra (AFOLU)<\/strong>&nbsp;y&nbsp;<strong>REED+<\/strong>.<\/p>\n\n\n\n<div class=\"wp-block-uagb-advanced-heading uagb-block-67c37085\"><h3 class=\"uagb-heading-text\">Mapa de <em>la Reserva Las Mercedes<\/em><\/h3><\/div>\n\n\n\n<div class=\"wp-block-uagb-image aligncenter uagb-block-9427d463 wp-block-uagb-image--layout-default wp-block-uagb-image--effect-static wp-block-uagb-image--align-center\"><figure class=\"wp-block-uagb-image__figure\"><img loading=\"lazy\" decoding=\"async\" srcset=\"https:\/\/lasmercedes.org\/wp-content\/uploads\/2024\/09\/mapa_web_mercedes_Mesa-de-trabajo-1-scaled.jpg ,https:\/\/lasmercedes.org\/wp-content\/uploads\/2024\/09\/mapa_web_mercedes_Mesa-de-trabajo-1-1024x553.jpg 780w, https:\/\/lasmercedes.org\/wp-content\/uploads\/2024\/09\/mapa_web_mercedes_Mesa-de-trabajo-1-scaled.jpg 360w\" sizes=\"auto, (max-width: 480px) 150px\" src=\"https:\/\/lasmercedes.org\/wp-content\/uploads\/2024\/09\/mapa_web_mercedes_Mesa-de-trabajo-1-scaled.jpg\" alt=\"\" class=\"uag-image-2321\" width=\"2521\" height=\"1361\" title=\"mapa_web_mercedes_Mesa de trabajo 1\" role=\"img\"\/><\/figure><\/div>\n<\/div>\n<\/div><\/div>\n\n\n\n<div class=\"wp-block-uagb-container uagb-block-0080c460 alignfull uagb-is-root-container\">\n<div class=\"wp-block-uagb-container uagb-block-b8d5983d\">\n<div class=\"wp-block-uagb-container uagb-block-157091d6\">\n<div class=\"wp-block-uagb-advanced-heading uagb-block-c3fd5276\"><div class=\"uagb-heading-text\">01<\/div><\/div>\n\n\n\n<div class=\"wp-block-uagb-info-box uagb-block-e8caa694 uagb-infobox__content-wrap  uagb-infobox-icon-above-title uagb-infobox-image-valign-top\"><div class=\"uagb-ifb-content\"><div class=\"uagb-ifb-title-wrap\"><h2 class=\"uagb-ifb-title\">Agroforesta<\/h2><\/div><p class=\"uagb-ifb-desc\"><strong>Agorforesta y restauraci\u00f3n productiva<\/strong>&nbsp;integrar los \u00e1rboles en la agricultura para restaurar los ecosistemas y aumentar la productividad<br><strong>Restauraci\u00f3n de los paisajes forestales<\/strong>&nbsp;Garantiza la conectividad entre ecosistemas, creando corredores para la vida salvaje e impulsando la biodiversidad.<br><strong>Agricultura Regenerativa<\/strong>&nbsp;Utiliza cultivos de ciclo corto (ma\u00edz), medio (mandioca) y largo (pl\u00e1tano) para restaurar el suelo y mejorar el secuestro de carbono.<br><strong>Maximizaci\u00f3n de los servicios ecosist\u00e9micos:<\/strong>&nbsp;Los \u00e1rboles proporcionan madera, captura de carbono, regulaci\u00f3n del agua y salud del suelo, mejorando los servicios ecosist\u00e9micos y reduciendo la erosi\u00f3n.<br><br>Estas pr\u00e1cticas fomentan la agricultura sostenible, mejoran la resiliencia y ofrecen beneficios econ\u00f3micos.<\/p><\/div><\/div>\n<\/div>\n\n\n\n<div class=\"wp-block-uagb-container uagb-block-c4237f31\"><\/div>\n<\/div>\n\n\n\n<div class=\"wp-block-uagb-container uagb-block-90a553a2\">\n<div class=\"wp-block-uagb-container uagb-block-9f55d59a\"><\/div>\n\n\n\n<div class=\"wp-block-uagb-container uagb-block-37f36e4b\">\n<div class=\"wp-block-uagb-advanced-heading uagb-block-b28f09d3\"><div class=\"uagb-heading-text\">02<\/div><\/div>\n\n\n\n<div class=\"wp-block-uagb-info-box uagb-block-6676fa1e uagb-infobox__content-wrap  uagb-infobox-icon-above-title uagb-infobox-image-valign-top\"><div class=\"uagb-ifb-content\"><div class=\"uagb-ifb-title-wrap\"><h2 class=\"uagb-ifb-title\">Investigaci\u00f3n de la calidad del Agua<\/h2><\/div><p class=\"uagb-ifb-desc\">El agua es un componente esencial en la Reserva de Las Mercedes, donde los arroyos desembocan en el r\u00edo Purnio, que a su vez desemboca en el contaminado r\u00edo Magdalena. Investigadores de la Universidad BOKU de Austria han realizado estudios sobre la calidad del agua, evaluando los contaminantes desde el nacimiento hasta la desembocadura del Magdalena. Esta investigaci\u00f3n pretende orientar los esfuerzos regionales de protecci\u00f3n y uso sostenible del agua, fomentando la reducci\u00f3n de la contaminaci\u00f3n, la preservaci\u00f3n de la biodiversidad y la mejora de la gesti\u00f3n del agua. El objetivo es aumentar la colaboraci\u00f3n regional y mejorar la salud general del sistema fluvial.<\/p><\/div><\/div>\n<\/div>\n<\/div>\n\n\n\n<div class=\"wp-block-uagb-container uagb-block-95c4c55e\">\n<div class=\"wp-block-uagb-container uagb-block-7a588c51\">\n<div class=\"wp-block-uagb-advanced-heading uagb-block-0eba18b9\"><div class=\"uagb-heading-text\">03<\/div><\/div>\n\n\n\n<div class=\"wp-block-uagb-info-box uagb-block-9a5868da uagb-infobox__content-wrap  uagb-infobox-icon-above-title uagb-infobox-image-valign-top\"><div class=\"uagb-ifb-content\"><div class=\"uagb-ifb-title-wrap\"><h2 class=\"uagb-ifb-title\">Ganader\u00eda regenerativa<\/h2><\/div><p class=\"uagb-ifb-desc\">La gesti\u00f3n ganadera regenerativa incluye el pastoreo rotativo, la restauraci\u00f3n de pastos aut\u00f3ctonos, el establecimiento de \u00e1rboles y arbustos y la gesti\u00f3n de nutrientes.<br><strong>Pastoreo rotativo<\/strong>: El desplazamiento regular del ganado ayuda a reducir la compactaci\u00f3n y la erosi\u00f3n del suelo.<br><strong>Restauraci\u00f3n de pastos nativos<\/strong>: Los pastos nativos mejoran la salud del suelo y la biodiversidad, y son m\u00e1s resistentes a la sequ\u00eda y las plagas.<br><strong>Incorporaci\u00f3n de \u00e1rboles y arbustos<\/strong>: Los \u00e1rboles y arbustos proporcionan sombra, cobijo y alimento, al tiempo que mejoran la salud del suelo y la biodiversidad.<br><strong>Gesti\u00f3n de Nutrientes<\/strong>: El esti\u00e9rcol del ganado mejora la salud del suelo y evita la contaminaci\u00f3n del agua mediante un uso eficiente de los nutrientes.<br><\/p><\/div><\/div>\n<\/div>\n\n\n\n<div class=\"wp-block-uagb-container uagb-block-c466af42\"><\/div>\n<\/div>\n\n\n\n<div class=\"wp-block-uagb-container uagb-block-effb2d16\">\n<div class=\"wp-block-uagb-container uagb-block-6897e0c6\"><\/div>\n\n\n\n<div class=\"wp-block-uagb-container uagb-block-76405e07\">\n<div class=\"wp-block-uagb-advanced-heading uagb-block-7de2ab7c\"><div class=\"uagb-heading-text\">04<\/div><\/div>\n\n\n\n<div class=\"wp-block-uagb-info-box uagb-block-3a71f8a9 uagb-infobox__content-wrap  uagb-infobox-icon-above-title uagb-infobox-image-valign-top\"><div class=\"uagb-ifb-content\"><div class=\"uagb-ifb-title-wrap\"><h2 class=\"uagb-ifb-title\">Compensaci\u00f3n de Emisiones<\/h2><\/div><p class=\"uagb-ifb-desc\">Ponemos en marcha programas de compensaci\u00f3n de carbono que ayudan a neutralizar la huella de carbono, fomentando la sostenibilidad y protegiendo el medio ambiente.<br><br><\/p><div class=\"uagb-ifb-button-wrapper wp-block-button\"><a href=\"\/es\/contact-2\/\" class=\"uagb-infobox-cta-link wp-block-button__link\" target=\"_self\" rel=\"noopener noreferrer\" onclick=\"return true;\"><span class=\"uagb-inline-editing\">Ver los Programas<\/span><svg xmlns=\"https:\/\/www.w3.org\/2000\/svg\" viewbox=\"0 0 512 512\"><path d=\"M504.3 273.6l-112.1 104c-6.992 6.484-17.18 8.218-25.94 4.406c-8.758-3.812-14.42-12.45-14.42-21.1L351.9 288H32C14.33 288 .0002 273.7 .0002 255.1S14.33 224 32 224h319.9l0-72c0-9.547 5.66-18.19 14.42-22c8.754-3.809 18.95-2.075 25.94 4.41l112.1 104C514.6 247.9 514.6 264.1 504.3 273.6z\"><\/path><\/svg><\/a><\/div><\/div><\/div>\n<\/div>\n<\/div>\n<\/div>\n\n\n\n<p><\/p>","protected":false},"excerpt":{"rendered":"<p>Scientific activities Las Mercedes Project To contribute to climate change mitigation and adaptation, Las Mercedes Reserve, in partnership with&nbsp;Universidad Javeriana&nbsp;in [&hellip;]<\/p>","protected":false},"author":1,"featured_media":0,"parent":0,"menu_order":0,"comment_status":"closed","ping_status":"closed","template":"elementor_theme","meta":{"give_campaign_id":0,"_surecart_dashboard_logo_width":"180px","_surecart_dashboard_show_logo":true,"_surecart_dashboard_navigation_orders":true,"_surecart_dashboard_navigation_invoices":true,"_surecart_dashboard_navigation_subscriptions":true,"_surecart_dashboard_navigation_downloads":true,"_surecart_dashboard_navigation_billing":true,"_surecart_dashboard_navigation_account":true,"_uag_custom_page_level_css":"","_monsterinsights_skip_tracking":false,"_monsterinsights_sitenote_active":false,"_monsterinsights_sitenote_note":"","_monsterinsights_sitenote_category":0,"site-sidebar-layout":"default","site-content-layout":"","ast-site-content-layout":"default","site-content-style":"default","site-sidebar-style":"default","ast-global-header-display":"","ast-banner-title-visibility":"","ast-main-header-display":"","ast-hfb-above-header-display":"","ast-hfb-below-header-display":"","ast-hfb-mobile-header-display":"","site-post-title":"disabled","ast-breadcrumbs-content":"","ast-featured-img":"","footer-sml-layout":"","ast-disable-related-posts":"","theme-transparent-header-meta":"enabled","adv-header-id-meta":"","stick-header-meta":"","header-above-stick-meta":"","header-main-stick-meta":"","header-below-stick-meta":"","astra-migrate-meta-layouts":"default","ast-page-background-enabled":"default","ast-page-background-meta":{"desktop":{"background-color":"var(--ast-global-color-4)","background-image":"","background-repeat":"repeat","background-position":"center center","background-size":"auto","background-attachment":"scroll","background-type":"","background-media":"","overlay-type":"","overlay-color":"","overlay-opacity":"","overlay-gradient":""},"tablet":{"background-color":"","background-image":"","background-repeat":"repeat","background-position":"center center","background-size":"auto","background-attachment":"scroll","background-type":"","background-media":"","overlay-type":"","overlay-color":"","overlay-opacity":"","overlay-gradient":""},"mobile":{"background-color":"","background-image":"","background-repeat":"repeat","background-position":"center center","background-size":"auto","background-attachment":"scroll","background-type":"","background-media":"","overlay-type":"","overlay-color":"","overlay-opacity":"","overlay-gradient":""}},"ast-content-background-meta":{"desktop":{"background-color":"var(--ast-global-color-5)","background-image":"","background-repeat":"repeat","background-position":"center center","background-size":"auto","background-attachment":"scroll","background-type":"","background-media":"","overlay-type":"","overlay-color":"","overlay-opacity":"","overlay-gradient":""},"tablet":{"background-color":"var(--ast-global-color-5)","background-image":"","background-repeat":"repeat","background-position":"center center","background-size":"auto","background-attachment":"scroll","background-type":"","background-media":"","overlay-type":"","overlay-color":"","overlay-opacity":"","overlay-gradient":""},"mobile":{"background-color":"var(--ast-global-color-5)","background-image":"","background-repeat":"repeat","background-position":"center center","background-size":"auto","background-attachment":"scroll","background-type":"","background-media":"","overlay-type":"","overlay-color":"","overlay-opacity":"","overlay-gradient":""}},"footnotes":""},"class_list":["post-33","page","type-page","status-publish","hentry"],"aioseo_notices":[],"campaignId":"","uagb_featured_image_src":{"full":false,"thumbnail":false,"medium":false,"medium_large":false,"large":false,"1536x1536":false,"2048x2048":false,"trp-custom-language-flag":false},"uagb_author_info":{"display_name":"lukasstrigl@msn.com","author_link":"https:\/\/lasmercedes.org\/es\/author\/lukasstriglmsn-com\/"},"uagb_comment_info":0,"uagb_excerpt":"Scientific activities Las Mercedes Project To contribute to climate change mitigation and adaptation, Las Mercedes Reserve, in partnership with&nbsp;Universidad Javeriana&nbsp;in [&hellip;]","_links":{"self":[{"href":"https:\/\/lasmercedes.org\/es\/wp-json\/wp\/v2\/pages\/33","targetHints":{"allow":["GET"]}}],"collection":[{"href":"https:\/\/lasmercedes.org\/es\/wp-json\/wp\/v2\/pages"}],"about":[{"href":"https:\/\/lasmercedes.org\/es\/wp-json\/wp\/v2\/types\/page"}],"author":[{"embeddable":true,"href":"https:\/\/lasmercedes.org\/es\/wp-json\/wp\/v2\/users\/1"}],"replies":[{"embeddable":true,"href":"https:\/\/lasmercedes.org\/es\/wp-json\/wp\/v2\/comments?post=33"}],"version-history":[{"count":56,"href":"https:\/\/lasmercedes.org\/es\/wp-json\/wp\/v2\/pages\/33\/revisions"}],"predecessor-version":[{"id":3485,"href":"https:\/\/lasmercedes.org\/es\/wp-json\/wp\/v2\/pages\/33\/revisions\/3485"}],"wp:attachment":[{"href":"https:\/\/lasmercedes.org\/es\/wp-json\/wp\/v2\/media?parent=33"}],"curies":[{"name":"wp","href":"https:\/\/api.w.org\/{rel}","templated":true}]}}

<div class="wp-block-uagb-container uagb-block-fa2f1646 alignfull uagb-is-root-container"><div class="uagb-container-inner-blocks-wrap">
<div class="wp-block-uagb-advanced-heading uagb-block-d7c7726a"><h1 class="uagb-heading-text">Actividades científicas</h1></div>
</div></div>



<div class="wp-block-uagb-container uagb-block-b1ab63d3 alignfull uagb-is-root-container"><div class="uagb-container-inner-blocks-wrap">
<div class="wp-block-uagb-container uagb-block-9b0f06f9">
<div class="wp-block-uagb-advanced-heading uagb-block-2ee8edb5"><h2 class="uagb-heading-text">Proyecto Las Mercedes</h2></div>



<p>Para contribuir a la mitigación y adaptación al cambio climático <strong>la Reserva Las Mercedes</strong>, en colaboración con&nbsp;<strong>Universidad Javeriana</strong>&nbsp;en Bogotá y&nbsp;<strong>la Universidad BOKU</strong>&nbsp;de Viena, desarrolla un proyecto para crear un modelo productivo que promueva el desarrollo económico conservando la biodiversidad. Este modelo incluye ganadería regenerativa, sistemas agroforestales-pastoriles y restauración ecológica de áreas degradadas con especies nativas, proporcionando diversos servicios ecosistémicos. La implementación del modelo reducirá las&nbsp;<strong>emisiones de gases de efecto invernadero (GEI)</strong>&nbsp;de los sistemas de producción convencionales, aumentará las reservas de carbono y creará oportunidades en mercados de carbono como el de&nbsp;<strong>Agricultura, Silvicultura y Otros Usos de la Tierra (AFOLU)</strong>&nbsp;y&nbsp;<strong>REED+</strong>.</p>



<div class="wp-block-uagb-advanced-heading uagb-block-67c37085"><h3 class="uagb-heading-text">Mapa de <em>la Reserva Las Mercedes</em></h3></div>



<div class="wp-block-uagb-image aligncenter uagb-block-9427d463 wp-block-uagb-image--layout-default wp-block-uagb-image--effect-static wp-block-uagb-image--align-center"><figure class="wp-block-uagb-image__figure"><img loading="lazy" decoding="async" srcset="https://lasmercedes.org/wp-content/uploads/2024/09/mapa_web_mercedes_Mesa-de-trabajo-1-scaled.jpg ,https://lasmercedes.org/wp-content/uploads/2024/09/mapa_web_mercedes_Mesa-de-trabajo-1-1024x553.jpg 780w, https://lasmercedes.org/wp-content/uploads/2024/09/mapa_web_mercedes_Mesa-de-trabajo-1-scaled.jpg 360w" sizes="auto, (max-width: 480px) 150px" src="https://lasmercedes.org/wp-content/uploads/2024/09/mapa_web_mercedes_Mesa-de-trabajo-1-scaled.jpg" alt="" class="uag-image-2321" width="2521" height="1361" title="mapa_web_mercedes_Mesa de trabajo 1" role="img"/></figure></div>
</div>
</div></div>



<div class="wp-block-uagb-container uagb-block-0080c460 alignfull uagb-is-root-container">
<div class="wp-block-uagb-container uagb-block-b8d5983d">
<div class="wp-block-uagb-container uagb-block-157091d6">
<div class="wp-block-uagb-advanced-heading uagb-block-c3fd5276"><div class="uagb-heading-text">01</div></div>



<div class="wp-block-uagb-info-box uagb-block-e8caa694 uagb-infobox__content-wrap  uagb-infobox-icon-above-title uagb-infobox-image-valign-top"><div class="uagb-ifb-content"><div class="uagb-ifb-title-wrap"><h2 class="uagb-ifb-title">Agroforesta</h2></div><p class="uagb-ifb-desc"><strong>Agorforesta y restauración productiva</strong>&nbsp;integrar los árboles en la agricultura para restaurar los ecosistemas y aumentar la productividad<br><strong>Restauración de los paisajes forestales</strong>&nbsp;Garantiza la conectividad entre ecosistemas, creando corredores para la vida salvaje e impulsando la biodiversidad.<br><strong>Agricultura Regenerativa</strong>&nbsp;Utiliza cultivos de ciclo corto (maíz), medio (mandioca) y largo (plátano) para restaurar el suelo y mejorar el secuestro de carbono.<br><strong>Maximización de los servicios ecosistémicos:</strong>&nbsp;Los árboles proporcionan madera, captura de carbono, regulación del agua y salud del suelo, mejorando los servicios ecosistémicos y reduciendo la erosión.<br><br>Estas prácticas fomentan la agricultura sostenible, mejoran la resiliencia y ofrecen beneficios económicos.</p></div></div>
</div>



<div class="wp-block-uagb-container uagb-block-c4237f31"></div>
</div>



<div class="wp-block-uagb-container uagb-block-90a553a2">
<div class="wp-block-uagb-container uagb-block-9f55d59a"></div>



<div class="wp-block-uagb-container uagb-block-37f36e4b">
<div class="wp-block-uagb-advanced-heading uagb-block-b28f09d3"><div class="uagb-heading-text">02</div></div>



<div class="wp-block-uagb-info-box uagb-block-6676fa1e uagb-infobox__content-wrap  uagb-infobox-icon-above-title uagb-infobox-image-valign-top"><div class="uagb-ifb-content"><div class="uagb-ifb-title-wrap"><h2 class="uagb-ifb-title">Investigación de la calidad del Agua</h2></div><p class="uagb-ifb-desc">El agua es un componente esencial en la Reserva de Las Mercedes, donde los arroyos desembocan en el río Purnio, que a su vez desemboca en el contaminado río Magdalena. Investigadores de la Universidad BOKU de Austria han realizado estudios sobre la calidad del agua, evaluando los contaminantes desde el nacimiento hasta la desembocadura del Magdalena. Esta investigación pretende orientar los esfuerzos regionales de protección y uso sostenible del agua, fomentando la reducción de la contaminación, la preservación de la biodiversidad y la mejora de la gestión del agua. El objetivo es aumentar la colaboración regional y mejorar la salud general del sistema fluvial.</p></div></div>
</div>
</div>



<div class="wp-block-uagb-container uagb-block-95c4c55e">
<div class="wp-block-uagb-container uagb-block-7a588c51">
<div class="wp-block-uagb-advanced-heading uagb-block-0eba18b9"><div class="uagb-heading-text">03</div></div>



<div class="wp-block-uagb-info-box uagb-block-9a5868da uagb-infobox__content-wrap  uagb-infobox-icon-above-title uagb-infobox-image-valign-top"><div class="uagb-ifb-content"><div class="uagb-ifb-title-wrap"><h2 class="uagb-ifb-title">Ganadería regenerativa</h2></div><p class="uagb-ifb-desc">La gestión ganadera regenerativa incluye el pastoreo rotativo, la restauración de pastos autóctonos, el establecimiento de árboles y arbustos y la gestión de nutrientes.<br><strong>Pastoreo rotativo</strong>: El desplazamiento regular del ganado ayuda a reducir la compactación y la erosión del suelo.<br><strong>Restauración de pastos nativos</strong>: Los pastos nativos mejoran la salud del suelo y la biodiversidad, y son más resistentes a la sequía y las plagas.<br><strong>Incorporación de árboles y arbustos</strong>: Los árboles y arbustos proporcionan sombra, cobijo y alimento, al tiempo que mejoran la salud del suelo y la biodiversidad.<br><strong>Gestión de Nutrientes</strong>: El estiércol del ganado mejora la salud del suelo y evita la contaminación del agua mediante un uso eficiente de los nutrientes.<br></p></div></div>
</div>



<div class="wp-block-uagb-container uagb-block-c466af42"></div>
</div>



<div class="wp-block-uagb-container uagb-block-effb2d16">
<div class="wp-block-uagb-container uagb-block-6897e0c6"></div>



<div class="wp-block-uagb-container uagb-block-76405e07">
<div class="wp-block-uagb-advanced-heading uagb-block-7de2ab7c"><div class="uagb-heading-text">04</div></div>



<div class="wp-block-uagb-info-box uagb-block-3a71f8a9 uagb-infobox__content-wrap  uagb-infobox-icon-above-title uagb-infobox-image-valign-top"><div class="uagb-ifb-content"><div class="uagb-ifb-title-wrap"><h2 class="uagb-ifb-title">Compensación de Emisiones</h2></div><p class="uagb-ifb-desc">Ponemos en marcha programas de compensación de carbono que ayudan a neutralizar la huella de carbono, fomentando la sostenibilidad y protegiendo el medio ambiente.<br><br></p><div class="uagb-ifb-button-wrapper wp-block-button"><a href="/es/contact-2/" class="uagb-infobox-cta-link wp-block-button__link" target="_self" rel="noopener noreferrer" onclick="return true;"><span class="uagb-inline-editing">Ver los Programas</span><svg xmlns="https://www.w3.org/2000/svg" viewbox="0 0 512 512"><path d="M504.3 273.6l-112.1 104c-6.992 6.484-17.18 8.218-25.94 4.406c-8.758-3.812-14.42-12.45-14.42-21.1L351.9 288H32C14.33 288 .0002 273.7 .0002 255.1S14.33 224 32 224h319.9l0-72c0-9.547 5.66-18.19 14.42-22c8.754-3.809 18.95-2.075 25.94 4.41l112.1 104C514.6 247.9 514.6 264.1 504.3 273.6z"></path></svg></a></div></div></div>
</div>
</div>
</div>



<p></p>
